 b)*-4. Calculate the highest common factor of f and 6.
2
Let h be 15/6*(-256)/60*-3. Calculate the greatest common divisor of 2 and h.
2
Let b = 13 - 6. Suppose -4*w + 20 = o, -3*o + b*w + 111 = 2*w. Calculate the greatest common factor of o and 16.
16
Suppose -4*f + 40 = u, -2*f - 2*u = -0*u - 26. What is the greatest common factor of f and 18?
9
Suppose -n = 4*n - v + 6, -5*v - 12 = -4*n. Let j = n - -11. What is the greatest common factor of j and 9?
9
Suppose 10 = 4*c - 14. Let v be c/3 + 0 - -4. Let n be (-2)/7 + 212/7. What is the greatest common factor of n and v?
6
Let y be 400/35 - (-9)/(-21). What is the highest common factor of y and 99?
11
Suppose 72 = 4*n + 2*s, 0 = n - 2*s - 0*s - 8. Let u(f) = -12*f + 4. Let h be u(-3). Calculate the greatest common divisor of h and n.
8
Suppose 0 = -3*o + 2*o + 7. Calculate the greatest common factor of o and 77.
7
Suppose 0 = -3*b + 253 + 20. Calculate the greatest common divisor of 13 and b.
13
Let q = 75 - 47. Calculate the greatest common divisor of q and 140.
28
Let y = -1 + 11. Suppose -q = -4*l - 0*q + 243, 3*l - 3*q - 189 = 0. Calculate the highest common factor of y and l.
10
Let m = -23 - -30. What is the greatest common divisor of m and 63?
7
Let p be 8/4 + (-16)/(-4). Calculate the highest common factor of p and 3.
3
Let a(g) = g - 11. Let t be a(6). Let h(v) = -2*v + 10. Let i be h(t). Calculate the greatest common factor of 5 and i.
5
Suppose m + 4*m - p = 31, 5*m - 33 = 3*p. Calculate the greatest common factor of 48 and m.
6
Suppose -8*q = -13*q + 105. What is the highest common factor of q and 63?
21
Let l(f) = 15*f - 4. Let q be l(4). Suppose q = 3*n - 7. What is the highest common divisor of n and 7?
7
Let b be ((-145)/30)/((-33)/(-18) + -2). What is the highest common divisor of 145 and b?
29
Let x be 3/(-3)*-1 - -4. Calculate the highest common factor of 2 and x.
1
Let x(f) = 2*f**3 + 8*f**2 - f - 1. Let j be x(-6). Let k = -70 - j. What is the highest common divisor of 46 and k?
23
Let s = 27 + -13. Suppose -9*d = -s*d + 30. Suppose 1 = 3*q + 16, 14 = 2*p + 2*q. What is the highest common divisor of p and d?
6
Let d = 10 - -2. Suppose 0 = -3*i - 0*i + 5*z - 11, 0 = -5*i + 4*z - 1. What is the greatest common factor of d and i?
3
Let z = -2 - 0. Let w be -2 - ((0 - 15) + z). Suppose -5*j = -11*j + 90. Calculate the highest common divisor of w and j.
15
Let x(i) = i - 13. Let t be x(11). Let c = 5 - t. Calculate the greatest common divisor of 28 and c.
7
Let b(k) = 4*k**2 - 2*k - 2. Let z be b(-3). What is the highest common divisor of 16 and z?
8
Let t(j) = -16*j + 4. Let u be t(-3). Suppose 0 = -2*d + a - 4*a + 168, 3*d + a = 238. Calculate the greatest common divisor of u and d.
26
Let p(q) = -q**3 + 8*q**2 + 12*q - 23. Let w be p(9). Calculate the greatest common divisor of 20 and w.
4
Let y = -37 - -49. What is the greatest common divisor of 204 and y?
12
Let z be 58 - (0 + 3 + 0). What is the greatest common factor of z and 11?
11
Suppose -4*h + u + 75 = 0, -2*h - u + 39 = -2*u. What is the greatest common factor of h and 90?
18
Let w(b) = 117*b - 1. Let m be w(3). What is the greatest common factor of 50 and m?
50
Let k = 7 + -47. Suppose 0 = 4*x - 6*x + 2. Let i be (x + 0)*(-4 - k). Calculate the greatest common factor of i and 24.
12
Let z = 12 + -2. What is the highest common divisor of z and 20?
10
Let d be (-4)/14 - (-8)/28. Suppose 3*k + 83 - 650 = d. Calculate the highest common factor of 21 and k.
21
Suppose -5*t + 3*z = -4 - 3, -5*t - z + 11 = 0. Suppose -5*d + 17 = -73. Calculate the greatest common factor of t and d.
2
Let w be 9/15 - (-62)/5. Let u be (-3)/(-2*1/28). Suppose 4*d - u = 10. What is the highest common factor of d and w?
13
Let f = 6 - -12. Let d = -5 + 8. Suppose 0 = 5*l - d*l - f. Calculate the highest common divisor of l and 45.
9
Let x(t) = -8*t + 5. Let c be 114/(-22) - 10/(-55). Let a be x(c). Calculate the greatest common divisor of a and 9.
9
Suppose -g - 5*h = -150, -2*h - 203 = -g - 32. What is the highest common divisor of g and 15?
15
Suppose 2*b - 3*v = 92, -3*v = -6*v. Calculate the highest common divisor of 69 and b.
23
Let h be 2*11 + 0/1. Let a(g) be the third derivative of g**4/24 - 5*g**3/6 + 2*g**2. Let p be a(7). What is the highest common divisor of p and h?
2
Suppose 2 = i - 1. Suppose s - 3*r = -0 + 2, 2*r = 2*s. Let y be (-536)/(-12) - s/i. Calculate the greatest common divisor of 18 and y.
9
Suppose -5 = -r + 13. Let d be (2 + -1)/((-15)/(-90)). What is the highest common divisor of d and r?
6
Let f = 8 + -5. Suppose f*z - 25 = -2*z. Let y = 28 - 18. What is the greatest common divisor of y and z?
5
Suppose -3*t - 9 = -5*t - 5*x, -4 = -t - 2*x. Suppose t*j = 6*j. Suppose 3*p - m - 149 = j, -p - 21 = m - 64. Calculate the greatest common divisor of p and 12.
12
Suppose 0 = -3*m + 4*m. Suppose -5*c + o + 87 + 111 = m, 5*c - 4*o = 192. Let g = 25 + -15. Calculate the greatest common divisor of c and g.
10
Let t(i) = -10*i**2 + i + 1. Let k be t(-1). Let a = -6 - k. Suppose -s + o + 2 = 0, 0*s = 2*s + a*o - 28. What is the greatest common factor of 54 and s?
6
Suppose -82 = -d + 3*d. Let o = -85 - -145. Let l = o + d. What is the highest common factor of 19 and l?
19
Let h = 12 + -7. Suppose -5*b = -10*b + 225. What is the highest common factor of b and h?
5
Let z(t) = -t**3 + 5*t**2 + t + 3. Let p be z(5). Suppose p*l - 16 = 4*l. Suppose -1 - l = -i. Calculate the greatest common factor of i and 1.
1
Let v(t) = 3*t**2 - 6*t - 6. Let w be v(-5). Let c = -374 - -383. What is the highest common divisor of c and w?
9
Let d(m) = 2*m**3 + 2*m**2 - 4*m - 1. Let o = -8 + 3. Let g be d(o). Let a = g + 277. Calculate the greatest common divisor of a and 12.
12
Suppose 7*n = 3*n + 2500. Let m = n - 427. Calculate the greatest common divisor of m and 18.
18
Let a(k) = -16*k - 5. Let j(o) = -8*o - 3. Let h(v) = 4*a(v) - 7*j(v). Let f be h(-1). Calculate the highest common divisor of 9 and f.
9
Let u(v) = v**2 - 4*v - 5. Let s be u(5). Let o be 33*((-3)/(-3) - s). Suppose -f = 2*f - 66. What is the greatest common factor of o and f?
11
Let j(i) = i**3 + 8*i**2 + 7*i - 1. Let k be j(-6). Let u = 7 + k. Calculate the greatest common factor of u and 90.
18
Let a = 7 + 84. Calculate the highest common divisor of a and 13.
13
Suppose 3*f - 7 - 8 = 0. What is the greatest common factor of 15 and f?
5
Let j(s) be the second derivative of 4*s**3/3 - s**2/2 + 2*s. Let r be j(1). Let k = 1 + 13. Calculate the greatest common factor of r and k.
7
Suppose -3*a + 5*w = -7*a + 370, -2*w + 94 = a. Calculate the greatest common factor of 10 and a.
10
Let q be ((-3)/2)/((-1)/2). Calculate the highest common factor of 6 and q.
3
Suppose 0 = -3*g + 28 + 2. Suppose 3*t - t - g = 0. Suppose t*k + l = 59, -4*k + 2*l - 3*l = -48. What is the highest common divisor of 121 and k?
11
Suppose 0 = -5*n + 161 + 49. Calculate the highest common factor of n and 21.
21
Suppose -2*r - 175 = -5*c, c = r + 9 + 29. Let n be (110/(-40))/(2/(-8)). What is the greatest common divisor of n and c?
11
Let t(h) = 9*h**3 - 2*h + 4. Suppose -2*x + 2 + 2 = 0. Let v be t(x). Calculate the highest common divisor of 48 and v.
24
Suppose k = -0*r - r - 2, -4*k = -r - 27. Let x = r + 35. What is the highest common divisor of x and 140?
28
Let d be (-1 + 3)/(2*-1). Let y(t) = -22*t - 1. Let q be y(d). What is the greatest common divisor of 231 and q?
21
Let s = 581 - 414. Suppose 4*w - w = 2*h + s, 4*w = h + 216. Suppose -3*a + w + 37 = 0. Calculate the greatest common divisor of 20 and a.
10
Let n(d) = d - 3. Let r be n(3). Suppose -5*i - 3*f - 6 = r, 3*f - 27 = 5*i - f. Let x be 4/(-6) - 8/i. What is the greatest common factor of x and 12?
2
Let v = 34 + -24. Suppose 5*q - 4*n = -v + 80, q + 2*n = 0. Let y be (-2)/6 - (-242)/6. What is the greatest common divisor of q and y?
10
Suppose 4*j - 2*r = 186, 2*j + 4*r = -3*j + 252. Let p(z) = z**3 + 9*z**2 - 2*z - 6. Let h be p(-9). Calculate the highest common factor of h and j.
12
Let i be -2 + 5 + 3*4. Let r be (12 - i) + 8/2. Calculate the greatest common factor of 7 and r.
1
Suppose -k + 92 = 3*f, -5*k + 0*k + 40 = f. What is the highest common factor of f and 20?
10
Let t(z) = 4*z**2 - 2*z - 2. Let c be t(4). Suppose 4*a = c + 